{"id":89,"date":"2010-12-13T12:27:26","date_gmt":"2010-12-13T18:27:26","guid":{"rendered":"http:\/\/estuderecho.com\/sitio\/?page_id=89"},"modified":"2016-01-21T14:06:44","modified_gmt":"2016-01-21T20:06:44","slug":"paginas-amigas","status":"publish","type":"page","link":"http:\/\/estuderecho.com\/sitio\/?page_id=89","title":{"rendered":"P\u00e1ginas Amigas"},"content":{"rendered":"<p><a style=\"font-size: 13px; line-height: 19px;\" href=\"http:\/\/estuderecho.com\/sitio\/wp-content\/uploads\/2010\/12\/Sketchbook-128.png\"><img loading=\"lazy\" decoding=\"async\" class=\"alignleft size-full wp-image-355\" title=\"Sketchbook-128\" alt=\"\" src=\"http:\/\/estuderecho.com\/sitio\/wp-content\/uploads\/2010\/12\/Sketchbook-128.png\" width=\"102\" height=\"102\" srcset=\"http:\/\/estuderecho.com\/sitio\/wp-content\/uploads\/2010\/12\/Sketchbook-128.png 128w, http:\/\/estuderecho.com\/sitio\/wp-content\/uploads\/2010\/12\/Sketchbook-128-36x36.png 36w, http:\/\/estuderecho.com\/sitio\/wp-content\/uploads\/2010\/12\/Sketchbook-128-115x115.png 115w\" sizes=\"auto, (max-width: 102px) 100vw, 102px\" \/><\/a><\/p>\n<p>En este espacio encontraras los proyectos y p\u00e1ginas amigas y de amigos que nos han apoyado en este proyecto y con algunos que compartimos enlaces.<\/p>\n<p>Gracias por su visita, y si pueden visitar los sitios seguro encontrar\u00e1n informaci\u00f3n \u00fatil para ti!<\/p>\n<hr size=\"2\" \/>\n<p><strong>Cede<\/strong>.\u00a0<a href=\"http:\/\/cede.com.gt\/\" target=\"_blank\">Centro de Estudios de Derecho<\/a>. El CEDE es una instituci\u00f3n privada de educaci\u00f3n superior, dedicada a formar personas con valores humanistas y conocimientos econ\u00f3micos, sociales y jur\u00eddicos, modernos y democr\u00e1ticos, capaces de responder profesionalmente en un mundo de constante cambio. El CEDE se propone generar, aplicar, difundir, transferir e integrar conocimientos jur\u00eddicos, sociales y cient\u00edficos mediante programas acad\u00e9micos de alta calidad, estudios cient\u00edficos, operativos o aplicados, as\u00ed como la ejecuci\u00f3n de proyectos cuya aplicaci\u00f3n sea \u00fatil a la sociedad. Website:\u00a0<a href=\"http:\/\/cede.com.gt\/\" target=\"_blank\">http:\/\/cede.com.gt\/<\/a><\/p>\n<hr size=\"2\" \/>\n<p><strong>DERECHO LIBROS<\/strong>: \u00c9sta es una p\u00e1gina de nuestro amigo Argentino <a href=\"http:\/\/www.facebook.com\/DERECHOLIBROS\">Fernando Ra\u00f1a Ter\u00e1n<\/a> en el cual se pueden bajar libros de Derecho en general.Esto dicen al respecto: \u00a0<strong>SOLO NOS DEDICAMOS A ENCONTRAR LINKS DE LIBROS QUE YA ESTAN EN EL INTERNET PARA QUE LOS USUARIOS TENGAN UNA MEJOR LLEGADA A LOS MISMOS.<\/strong> <a href=\"http:\/\/derecholibros.blogspot.com\/\">http:\/\/derecholibros.blogspot.com\/<\/a><\/p>\n<hr size=\"2\" \/>\n<p><strong>Netr\u00f3nica.net.<\/strong> Somos una empresa Guatemalteca, ubicada en la ciudad de Guatemala, con m\u00e1s de tres a\u00f1os de trayectoria en el mercado <strong>inform\u00e1tico,<\/strong> y nos dedicamos al desarrollo profesional de soluciones web.<\/p>\n<p><strong>Misi\u00f3n<\/strong>: brindar soluciones web a medida y flexibles para nuestros clientes, con la mejor relaci\u00f3n costo-beneficio. website:\u00a0<a href=\"http:\/\/www.netronica.net\/\" target=\"_blank\">http:\/\/www.netronica.net<\/a>.<\/p>\n<hr size=\"2\" \/>\n<p><strong>Universidad de san Carlos de Guatemala<\/strong>. Le corresponde organizar, dirigir y desarrollar la ense\u00f1anza estatal superior de la naci\u00f3n y la educaci\u00f3n profesional universitaria. El fin fundamental de la Universidad de San Carlos de Guatemala. es elevar el nivel espiritual de los habitantes de la Rep\u00fablica, promoviendo, conservando, difundiendo y transmitiendo la cultura. Website:\u00a0<a href=\"http:\/\/www.usac.edu.gt\/\" target=\"_blank\">http:\/\/www.usac.edu.gt\/<\/a><\/p>\n<hr size=\"2\" \/>\n<p><b>\u00a0Lic. Gustavo Bonilla. Candidato a Decano de la Facultad de Ciencias Jur\u00eddicas y Sociales de la Universidad de San Carlos de Guatemala\u00a0<\/b><a href=\"www.gustavobonilla.org\">www.gustavobonilla.org<\/a><\/p>\n<hr size=\"2\" \/>\n<p><a href=\"http:\/\/iusgt.blogspot.com\/\">http:\/\/iusgt.blogspot.com\/<\/a> Un blog sobre apuntes de Derecho Guatemalteco!<\/p>\n<hr size=\"2\" \/>\n<p><a href=\"http:\/\/derechoguatemala.blogspot.com\/\">http:\/\/derechoguatemala.blogspot.com\/<\/a> Un blog que recopila gran cantidad de documentos jur\u00eddicos y leyes!<\/p>\n<hr size=\"2\" \/>\n<p><a style=\"font-size: 13px; line-height: 19px;\" href=\"http:\/\/derechomercantilguate.blogspot.com\/\">http:\/\/derechomercantilguate.blogspot.com\/<\/a> ESTE BLOG ESTA DEDICADO A LA PRESENTACION E INFORMACION AL PUBLICO ACERCA DE LO QUE ES EL DERECHO MERCANTIL GUATEMALTECO, SU HISTORIA Y SU DESARROLLO EN TANTO ABARCA ESTE DERECHO A GUATEMALA.<\/p>\n<hr size=\"2\" \/>\n<p><a href=\"http:\/\/drechomercantil.blogspot.com\/\">http:\/\/drechomercantil.blogspot.com\/<\/a> Un blog de estudiante sobre derecho mercantil Guatemalteco!<\/p>\n<hr size=\"2\" \/>\n<p><a href=\"http:\/\/derechoaalimentacionenguatemala.blogspot.com\/\">http:\/\/derechoaalimentacionenguatemala.blogspot.com\/<\/a> blog\u00a0de Lucha contra el hambre y lucha por el logro del\u00a0derecho\u00a0a la alimentaci\u00f3n en\u00a0Guatemala.<\/p>\n<hr size=\"2\" \/>\n<p><strong style=\"font-size: 13px; line-height: 19px;\"><a href=\"http:\/\/derechonotarialguatemalteco.blogspot.com\/\">http:\/\/derechonotarialguatemalteco.blogspot.com\/<\/a> blog del curso de Derecho Notarial Guatemalteco <\/strong><\/p>\n<hr size=\"2\" \/>\n<p><a href=\"http:\/\/derechoaalimentacionenguatemala.blogspot.com\/\">h<\/a><\/p>\n","protected":false},"excerpt":{"rendered":"<p>En este espacio encontraras los proyectos y p\u00e1ginas amigas y de amigos que nos han apoyado en este proyecto y con algunos que compartimos enlaces. Gracias por su visita, y si pueden visitar los sitios seguro encontrar\u00e1n informaci\u00f3n \u00fatil para ti! Cede.\u00a0Centro de Estudios de Derecho. El CEDE es una instituci\u00f3n privada de educaci\u00f3n superior, [&hellip;]<\/p>\n","protected":false},"author":1,"featured_media":0,"parent":0,"menu_order":0,"comment_status":"open","ping_status":"open","template":"","meta":{"footnotes":""},"class_list":["post-89","page","type-page","status-publish","hentry"],"blocksy_meta":[],"_links":{"self":[{"href":"http:\/\/estuderecho.com\/sitio\/index.php?rest_route=\/wp\/v2\/pages\/89","targetHints":{"allow":["GET"]}}],"collection":[{"href":"http:\/\/estuderecho.com\/sitio\/index.php?rest_route=\/wp\/v2\/pages"}],"about":[{"href":"http:\/\/estuderecho.com\/sitio\/index.php?rest_route=\/wp\/v2\/types\/page"}],"author":[{"embeddable":true,"href":"http:\/\/estuderecho.com\/sitio\/index.php?rest_route=\/wp\/v2\/users\/1"}],"replies":[{"embeddable":true,"href":"http:\/\/estuderecho.com\/sitio\/index.php?rest_route=%2Fwp%2Fv2%2Fcomments&post=89"}],"version-history":[{"count":16,"href":"http:\/\/estuderecho.com\/sitio\/index.php?rest_route=\/wp\/v2\/pages\/89\/revisions"}],"predecessor-version":[{"id":3549,"href":"http:\/\/estuderecho.com\/sitio\/index.php?rest_route=\/wp\/v2\/pages\/89\/revisions\/3549"}],"wp:attachment":[{"href":"http:\/\/estuderecho.com\/sitio\/index.php?rest_route=%2Fwp%2Fv2%2Fmedia&parent=89"}],"curies":[{"name":"wp","href":"https:\/\/api.w.org\/{rel}","templated":true}]}}