{"id":906,"date":"2012-09-26T11:47:08","date_gmt":"2012-09-26T17:47:08","guid":{"rendered":"http:\/\/estuderecho.com\/sitio\/?page_id=906"},"modified":"2019-05-17T08:56:15","modified_gmt":"2019-05-17T14:56:15","slug":"yuri-franco","status":"publish","type":"page","link":"https:\/\/estuderecho.com\/sitio\/?page_id=906","title":{"rendered":"Yuri Franco"},"content":{"rendered":"<div id=\"_mcePaste\">\n<div style=\"border-style: none none solid; border-bottom-width: 1pt; border-bottom-color: #4f81bd; padding: 0cm 0cm 4pt; text-align: center;\">\n<h1><span style=\"color: #003366;\">Perfil<\/span><\/h1>\n<\/div>\n<div style=\"mso-element: para-border-div; border: none; border-bottom: solid #4F81BD 1.0pt; mso-border-bottom-themecolor: accent1; mso-border-bottom-alt: solid #4F81BD .5pt; padding: 0cm 0cm 4.0pt 0cm; margin-left: 46.8pt; margin-right: 46.8pt;\">\n<p class=\"MsoIntenseQuote\" style=\"text-align: justify; margin: 10.0pt 0cm 14.0pt 0cm;\"><span style=\"color: #17365d; mso-themecolor: text2; mso-themeshade: 191;\">Yuri Armando Franco L\u00f3pez es Licenciado en Ciencias \u00a0Jur\u00eddicas y Sociales con pre-especialidad en derecho civil, Abogado y Notario, ha desarrollado su carrera \u00a0profesional ligado al mundo de la formaci\u00f3n acad\u00e9mica y profesional en los \u00e1mbitos de las nuevas tecnolog\u00edas de la informaci\u00f3n y telecomunicaciones (TIC\u2019s), derecho inform\u00e1tico, habilidades en social media marketing, social media pol\u00edtico &amp; Comunity Management, Conferencista, Asesor y consultor en temas de Derecho Inform\u00e1tico, derecho administrativo, investigaci\u00f3n cient\u00edfica, derecho laboral, derecho civil y mercantil entre otros.<\/span><\/p>\n<p class=\"MsoIntenseQuote\" style=\"text-align: justify; margin: 10.0pt 0cm 14.0pt 0cm;\"><span style=\"color: #17365d; mso-themecolor: text2; mso-themeshade: 191;\">Fundador del sitio web\u00a0 gratuito para estudiantes de derecho denominado <a title=\"El primer sitio de apoyo jur\u00eddico para estudiantes de Derecho en Guatemala!\" href=\"http:\/\/estuderecho.com\/sitio\/\" target=\"_blank\" rel=\"noopener\">www.estuderecho.com;<\/a>\u00a0Miembro de la Federaci\u00f3n Iberoamericana de Derecho e Inform\u00e1tica \u00a0-FIADI- \u00a0y T<\/span><span style=\"color: #17365d;\">\u00e9cnico en Inform\u00e1tica Redes y Sistemas. Adem\u00e1s es Docente Universitario en la Facultad de Ciencias Jur\u00eddicas y Sociales de la Universidad de San Carlos de Guatemala, en las c\u00e1tedras de Inform\u00e1tica Jur\u00eddica y\u00a0 de Planeaci\u00f3n de la Investigaci\u00f3n Cient\u00edfica; es Consejero Docente\u00a0 y Revisor de Tesis en Comisi\u00f3n y Estilo en la Unidad de Asesor\u00eda de Tesis de dicha Universidad; tambi\u00e9n fue Docente del Curso de Derecho y TIC&#8217;s en el XVII Programa de Cursos Libres de la Universidad de San Carlos de Guatemala, mantiene varios proyectos acad\u00e9micos en pro de la divulgaci\u00f3n del Derecho y las nuevas tecnolog\u00edas de la Informaci\u00f3n en Guatemala.<\/span><\/p>\n<p class=\"MsoIntenseQuote\" style=\"text-align: justify; margin: 10.0pt 0cm 14.0pt 0cm;\"><span style=\"color: #17365d;\">Asimismo ha sido asesor jur\u00eddico en diferentes dependencias del Organismo Ejecutivo tales como el Ministerio de Salud P\u00fablica y Asistencia Social, Ministerio de Gobernaci\u00f3n y recientemente en el Ministerio de Agricultura, Ganader\u00eda y Alimentaci\u00f3n, en el Programa de Nacional de Desarrollo Rural Sustentable para la Regi\u00f3n del Norte -PRODENORTE y del Programa Nacional de Desarrollo Rural, Regiones: Central, Nororiente y Suroriente y en materia de Contrataciones del Estado.\u00a0 D<\/span><span style=\"color: #17365d;\">esempe\u00f1ando adem\u00e1s asesor\u00edas en temas de derecho administrativo, penal, Contrataciones del Estado en sus diferentes modalidades de compra, tambi\u00e9n es asesor en temas jur\u00eddicos basados en interpretaci\u00f3n de Convenios, Pol\u00edticas,\u00a0 Directrices y Manuales del Banco Interamericano de Desarrollo -BID-\u00a0 para la resoluci\u00f3n de conflictos y la Adquisici\u00f3n de Bienes, Servicios y Contrataciones de Programas de Pr\u00e9stamos y Donaci\u00f3n financiados por el <a href=\"http:\/\/onu.org.gt\/onu-en-guatemala\/agencias\/fida\/\">Fondo Internacional de Desarrollo Agr\u00edcola -FIDA<\/a>&#8211; de las Naciones Unidas.<\/span><\/p>\n<p class=\"MsoIntenseQuote\" style=\"text-align: justify; margin: 10.0pt 0cm 14.0pt 0cm;\"><span style=\"color: #17365d; mso-themecolor: text2; mso-themeshade: 191;\">Ha dirigido diversos proyectos, implementando el uso de las nuevas tecnolog\u00edas de la Informaci\u00f3n como plataformas virtuales, uso de medios sociales y herramientas web 2.0 , entre los que destacan la co-creaci\u00f3n de la estrategia electr\u00f3nica para divulgaci\u00f3n electr\u00f3nica de informaci\u00f3n en la Universidad de San Carlos de Guatemala a trav\u00e9s de diferentes espacios dentro de las redes sociales contribuyendo en la modernizaci\u00f3n y posicionamiento de dicha Universidad, con un crecimiento exponencial de mas de 50,000 usuarios\u00a0 y seguidores dentro del primer a\u00f1o del proyecto.\u00a0\u00a0<\/span><\/p>\n<p class=\"MsoIntenseQuote\" style=\"text-align: justify; margin: 10.0pt 0cm 14.0pt 0cm;\"><span style=\"color: #17365d; mso-themecolor: text2; mso-themeshade: 191;\">En el \u00e1rea de investigaci\u00f3n aporta la tesis intitulada &#8220;<a href=\"http:\/\/biblioteca.usac.edu.gt\/tesis\/04\/04_9880.pdf\">Consecuencias Jur\u00eddicas derivadas de la no implementaci\u00f3n de normativos Jur\u00eddicos ante diferentes il\u00edcitos penales que se cometen en las redes sociales en Internet<\/a>&#8220;.<\/span><\/p>\n<\/div>\n<\/div>\n<p style=\"text-align: center;\"><img loading=\"lazy\" decoding=\"async\" class=\"aligncenter\" src=\"https:\/\/fbcdn-sphotos-b-a.akamaihd.net\/hphotos-ak-snc6\/199055_10150139780348045_7964307_n.jpg\" alt=\"Yuri Armando Franco\" width=\"432\" height=\"288\" \/><\/p>\n","protected":false},"excerpt":{"rendered":"<p>Perfil Yuri Armando Franco L\u00f3pez es Licenciado en Ciencias \u00a0Jur\u00eddicas y Sociales con pre-especialidad en derecho civil, Abogado y Notario, ha desarrollado su carrera \u00a0profesional ligado al mundo de la formaci\u00f3n acad\u00e9mica y profesional en los \u00e1mbitos de las nuevas tecnolog\u00edas de la informaci\u00f3n y telecomunicaciones (TIC\u2019s), derecho inform\u00e1tico, habilidades en social media marketing, social [&hellip;]<\/p>\n","protected":false},"author":1,"featured_media":0,"parent":0,"menu_order":0,"comment_status":"open","ping_status":"open","template":"","meta":{"footnotes":""},"class_list":["post-906","page","type-page","status-publish","hentry"],"blocksy_meta":[],"_links":{"self":[{"href":"https:\/\/estuderecho.com\/sitio\/index.php?rest_route=\/wp\/v2\/pages\/906","targetHints":{"allow":["GET"]}}],"collection":[{"href":"https:\/\/estuderecho.com\/sitio\/index.php?rest_route=\/wp\/v2\/pages"}],"about":[{"href":"https:\/\/estuderecho.com\/sitio\/index.php?rest_route=\/wp\/v2\/types\/page"}],"author":[{"embeddable":true,"href":"https:\/\/estuderecho.com\/sitio\/index.php?rest_route=\/wp\/v2\/users\/1"}],"replies":[{"embeddable":true,"href":"https:\/\/estuderecho.com\/sitio\/index.php?rest_route=%2Fwp%2Fv2%2Fcomments&post=906"}],"version-history":[{"count":17,"href":"https:\/\/estuderecho.com\/sitio\/index.php?rest_route=\/wp\/v2\/pages\/906\/revisions"}],"predecessor-version":[{"id":4986,"href":"https:\/\/estuderecho.com\/sitio\/index.php?rest_route=\/wp\/v2\/pages\/906\/revisions\/4986"}],"wp:attachment":[{"href":"https:\/\/estuderecho.com\/sitio\/index.php?rest_route=%2Fwp%2Fv2%2Fmedia&parent=906"}],"curies":[{"name":"wp","href":"https:\/\/api.w.org\/{rel}","templated":true}]}}